). Let l = -3 + 12. Suppose x = 45 + l. What is the highest common divisor of x and v?
6
Let x be (-2)/5 - (-64)/10. Let y = -6 + x. Suppose y = 3*d - 3*z - 4 - 8, 4*z = -2*d + 26. Calculate the highest common factor of 35 and d.
7
Let n(b) = 3 + 4*b + 2*b - 2 - 3*b. Let c be n(1). Let y be (-1390)/(-35) + c/14. What is the highest common divisor of 5 and y?
5
Let z(o) = 3*o**3 + 6*o**2 + 3. Let f(d) = -d**3 + d**2 + 1. Let a(u) = 2*f(u) + z(u). Let k be a(-8). What is the highest common divisor of k and 1?
1
Let h be 4 + (42 - 16/4). What is the greatest common divisor of h and 21?
21
Let c = 3 - -7. Let w = c + -17. Let i be 2/w - (-200)/14. What is the highest common divisor of 21 and i?
7
Let i be (-2)/(-8)*1*8. Let k be i*(-63)/(-6) + 0. What is the greatest common divisor of k and 168?
21
Let i be ((-5)/(-15))/(2/78). What is the greatest common factor of i and 91?
13
Suppose 0 = -3*a - 3 + 36. Let g = 53 - 20. What is the greatest common factor of a and g?
11
Let x(r) = r - 1. Let k be x(-5). Let g be -2*(-12)/(-8) - k. Calculate the highest common factor of g and 12.
3
Let s(a) = a**2 - 5*a - 2. Let x be s(3). Let d = 1 - x. Suppose -2*j - 5*u + 38 = 0, -3*u = -j + u - 7. What is the greatest common divisor of d and j?
9
Let w(n) = 2*n**2 + n + 7. Let a be w(7). Calculate the highest common divisor of 16 and a.
16
Suppose -5*i - 5*k + 175 = 0, -3*k + k = -2*i + 58. Suppose -20 = -3*m - 2*m. What is the highest common divisor of i and m?
4
Suppose -k = -2*v + 4*v - 27, -5*v + 60 = k. Let f = v + 0. What is the greatest common factor of 55 and f?
11
Let a be 1 + -3 - (5 + -2). Let f = 13 + a. Calculate the greatest common divisor of f and 8.
8
Suppose c + a - 35 = 0, -5*a = -2*c - c + 65. What is the highest common factor of 12 and c?
6
Let a = -7 - -6. Let r = a + 15. Calculate the highest common divisor of r and 154.
14
Suppose -50 = -3*u - 11. Let v be (-2)/(-5) - (-416)/10. Suppose 218 = 4*r - v. Calculate the greatest common factor of u and r.
13
Let d(k) = -5*k**2 - k - 3*k**2 + k**3 + 4 + 0*k**3. Let o be d(7). Let p = -4 - o. What is the highest common divisor of 32 and p?
16
Let w = -39 - -46. What is the greatest common divisor of w and 56?
7
Suppose 1 + 15 = p - 5*i, -5*p = 4*i - 80. What is the highest common factor of 48 and p?
16
Let c(u) = -2*u**2 + 4*u**2 + 16*u - 3 - 3*u**2. Let h be c(12). Calculate the highest common divisor of h and 9.
9
Let n be (-24)/(-9) - 3 - (-466)/3. Calculate the greatest common factor of 62 and n.
31
Let t = -181 - -105. Let v = -43 - t. What is the greatest common factor of v and 11?
11
Suppose 0 = 3*m + 3 - 6. Let y be ((-1)/m)/(6/(-18)). Let j be ((-17)/(-1) - y) + 3. Calculate the highest common factor of 34 and j.
17
Suppose 0*o = 2*o + 78. Let b = 0 - o. Calculate the greatest common divisor of b and 13.
13
Suppose -4*i = i - 880. Suppose -f + i = -0*f. Let d be (-120)/9*(-6)/5. Calculate the greatest common factor of f and d.
16
Let z(l) = 5*l + 4. Let s be z(4). Suppose 0 = -f + 42 + s. What is the greatest common divisor of 6 and f?
6
Let c = 23 + -13. Let a(l) = l**3 - 11*l**2 - 10*l + 8. Let y be a(12). Let q = y - -58. Calculate the highest common factor of q and c.
10
Let q = 0 - -2. Suppose -3*p + 0*p + 8 = 5*b, p = 3*b - q. Suppose 3*m - 9 - 6 = 0, 4*h - 4*m - 12 = 0. What is the highest common factor of h and b?
1
Suppose 4*u + 28 = 468. Let n be 0/(3 + -3 + 1). Suppose -u = -3*a - 2*a - 4*h, 3*h - 15 = n. What is the highest common divisor of a and 9?
9
Let x(z) = z**2 + 5*z - 8. Let l be x(-7). Let o be ((-19)/2)/((-3)/l). Let n = -5 + o. Calculate the greatest common divisor of 84 and n.
14
Suppose 3*d + 3*b - 15 = 0, 5*d + 14 - 37 = -3*b. What is the greatest common factor of d and 36?
4
Let c = -20 - -59. Calculate the highest common factor of c and 273.
39
Let d be -2 - 12/(-1 + -1). Let o(t) = -3*t + 1. Let j be o(-11). Suppose 78 + j = 4*m. What is the greatest common factor of m and d?
4
Let g be (-1)/(8/36)*(-8)/3. Calculate the highest common factor of 60 and g.
12
Let p = 24 + -19. Suppose 13*j = 14*j - p. Calculate the highest common divisor of 1 and j.
1
Suppose 25 = -4*m + 177. Suppose 4*x = 10 + m. Calculate the highest common divisor of x and 84.
12
Let v be (-2)/4*(-9 + -1). Let d = 22 + 13. What is the greatest common divisor of v and d?
5
Let u = 72 - 67. Calculate the greatest common divisor of 5 and u.
5
Let x(n) = n**2 + 18*n + 35. Let u be x(-17). What is the highest common factor of 18 and u?
18
Let c = -9 + 12. Suppose c*w = 6, 4*v - 6*v - 2*w = -8. Calculate the greatest common divisor of 3 and v.
1
Let v(h) = 13*h - 15. Let q(o) = -6*o + 8. Let w(d) = 5*q(d) + 2*v(d). Let a be w(-7). Calculate the highest common divisor of a and 95.
19
Suppose -9 = 5*p - 159. What is the highest common divisor of p and 12?
6
Suppose 0 = t + 3*i - 20, 0*t = 5*t + i - 156. Calculate the highest common factor of t and 48.
16
Let k(m) = m**3 - m**2 + m + 2. Let f be k(0). Let h be (f + 18)/(-6 - -8). Calculate the highest common divisor of 10 and h.
10
Let s = 49 + -29. What is the highest common factor of 10 and s?
10
Suppose 3*t + j = -t + 91, 3*t + 2*j - 72 = 0. Suppose -b + 0*b = -176. What is the highest common divisor of t and b?
22
Let z(t) = -2*t - 9. Let a be z(-6). Let l be 63/45 + a/5. Suppose -19 = -l*h + 3*w, -2*h + 4*w + 58 = 3*h. What is the highest common factor of h and 70?
14
Suppose -10 = -2*t, -5*y + 5*t - 25 - 15 = 0. Let l be y - 6/2*-8. Suppose 0 = -5*k + l + 24. What is the highest common factor of k and 99?
9
Let o = -90 + 100. What is the greatest common factor of o and 70?
10
Let g be ((-48)/(-20))/((-33)/(-15) - 2). What is the greatest common divisor of 8 and g?
4
Let x = 3 + 8. Let p be (-1)/1 + 1 + x. What is the greatest common divisor of 22 and p?
11
Suppose x - 8*x = -693. Calculate the highest common factor of 9 and x.
9
Let s = 63 + -45. What is the highest common divisor of s and 90?
18
Let w(l) = 27*l**3 + 2*l**2 - l. Let h be w(1). Suppose 36*z = -264 + 1776. What is the highest common divisor of h and z?
14
Suppose -52 = -3*v + v. Suppose -8 = -2*m - 4*c, -m + v = 2*m - c. Let t(z) = -3*z - 23. Let l be t(-9). What is the highest common divisor of m and l?
4
Let j(o) = 3*o**2 + 12*o + 2. Let n be j(-8). Calculate the highest common factor of 14 and n.
14
Let z(k) = -2 - 2*k + 5*k - 5. Suppose 5*b + 4*i - 18 = 0, 5*b = 2*i - 0*i + 36. Let p be z(b). Calculate the highest common factor of 88 and p.
11
Suppose 8*i - 104 = 96. What is the highest common factor of 225 and i?
25
Suppose -6*b - 72 = -9*b. Calculate the greatest common factor of b and 3.
3
Let y = 16 + -18. Let f be (34 + y)/(4/6). What is the greatest common divisor of f and 12?
12
Suppose 107 = 4*o + 5*p, -p - 170 = -5*o - 0*p. Suppose -2*j - 69 = -2*c - j, 0 = 4*j - 20. Suppose 4*s - 7 = c. What is the highest common factor of s and o?
11
Let t(o) = -o + 9. Let i be t(0). Let b be ((-45)/2)/(1/(-2)). What is the greatest common factor of i and b?
9
Let k be ((-18)/(-15))/((-6)/20). Let b = 0 - k. What is the greatest common factor of b and 44?
4
Suppose 5*i + 5*d - 194 - 11 = 0, -4*i + 165 = 5*d. What is the highest common divisor of i and 16?
8
Suppose -h + 4 = 0, -5*x + 7*h - 600 = 2*h. Let n be x/(-6) + (-6)/(-9). Calculate the greatest common factor of n and 10.
10
Let f = -5 + 7. Suppose 4*l = 11 - 3, 4*y - 36 = f*l. What is the highest common factor of 20 and y?
10
Let p(d) = -2*d**3 + 5*d**2 - 4*d + 1. Let m be p(4). Let l = -32 - m. Calculate the highest common divisor of 217 and l.
31
Let n(g) = -g**3 + g**2 + g + 5. Let k be n(0). Let c be -20*3/((-12)/k). Calculate the greatest common factor of 5 and c.
5
Let g be (5 - 2)/(3/3). Suppose -d - g*d = -72. Calculate the greatest common divisor of d and 2.
2
Suppose 98 = 3*l + 4*m, -2*m = -2*l - 6*m + 64. Let z = 98 + -13. Calculate the highest common factor of z and l.
17
Suppose -2*u = -3*u + 140. Suppose 6*n - 4*w = 3*n + 160, -4*n + 216 = -4*w. Calculate the greatest common divisor of u and n.
28
Suppose -4*f + x + 23 = 0, 0*x = f + 3*x - 9. Suppose -j = 4, m - 1 - 22 = 5*j. Calculate the highest common factor of f and m.
3
Let z(q) = -q**3 + 6*q**2 - 4*q + 2. Let j be z(4). What is the highest common fac